{"id":1154,"date":"2022-11-19T20:29:35","date_gmt":"2022-11-19T20:29:35","guid":{"rendered":"https:\/\/holaextremundo.com\/?page_id=1154"},"modified":"2023-11-29T15:12:15","modified_gmt":"2023-11-29T15:12:15","slug":"embajadorxs-extremenxs-2022","status":"publish","type":"page","link":"https:\/\/holaextremundo.com\/en\/embajadorxs-extremenxs-2022\/","title":{"rendered":"Embajadorxs Extreme\u00f1xs en el A\u00f1o Europeo de la Juventud"},"content":{"rendered":"<p>Asociaci\u00f3n Extremundo presenta el proyecto Embajadorxs Extreme\u00f1xs en el A\u00f1o Europeo de la Juventud 2022\u2063<br>\u2063<br>El presidente Joaqu\u00edn Mart\u00edn de Saavedra explicaba en la sesi\u00f3n de presentaci\u00f3n del proyecto esa identificaci\u00f3n de necesidades en la juventud extreme\u00f1a, y por qu\u00e9 la necesidad de trabajar en ciertas \u00e1reas tem\u00e1ticas con la juventud\u2063<br>\u2063<br>Tem\u00e1ticas como el asociacionismo, la salud mental, la naturaleza, la igualdad de g\u00e9nero, di\u00e1logo con la juventud, Erasmus+, inclusi\u00f3n, Educaci\u00f3n No Formal, Ciudadan\u00eda Europea son las que Extremundo ha trabajado y trae a este proyecto, basado en el VII Plan de Juventud del Instituto de Juventud de Extremadura\u2063<\/p>\n\n\n\n<figure class=\"wp-block-image size-full\"><img fetchpriority=\"high\" decoding=\"async\" width=\"862\" height=\"810\" src=\"https:\/\/holaextremundo.com\/wp-content\/uploads\/2022\/11\/311932521_488121260024917_7085189593502383102_n.jpg\" alt=\"\" class=\"wp-image-1157\" srcset=\"https:\/\/holaextremundo.com\/wp-content\/uploads\/2022\/11\/311932521_488121260024917_7085189593502383102_n.jpg 862w, https:\/\/holaextremundo.com\/wp-content\/uploads\/2022\/11\/311932521_488121260024917_7085189593502383102_n-300x282.jpg 300w, https:\/\/holaextremundo.com\/wp-content\/uploads\/2022\/11\/311932521_488121260024917_7085189593502383102_n-768x722.jpg 768w, https:\/\/holaextremundo.com\/wp-content\/uploads\/2022\/11\/311932521_488121260024917_7085189593502383102_n-13x12.jpg 13w, https:\/\/holaextremundo.com\/wp-content\/uploads\/2022\/11\/311932521_488121260024917_7085189593502383102_n-500x470.jpg 500w, https:\/\/holaextremundo.com\/wp-content\/uploads\/2022\/11\/311932521_488121260024917_7085189593502383102_n-800x752.jpg 800w\" sizes=\"(max-width: 862px) 100vw, 862px\" \/><\/figure>\n\n\n\n<p><br>Desde&nbsp;<a href=\"https:\/\/www.instagram.com\/holaextremundo\/\">@holaextremundo<\/a>&nbsp;os prometimos un gran final de a\u00f1o para&nbsp;<a href=\"https:\/\/www.instagram.com\/explore\/tags\/extremadura\/\">#Extremadura<\/a>&nbsp;y aqu\u00ed os traemos las oportunidades que a\u00fan te quedan para participar en este precioso proyecto:\u2063<br>\u2063<br>\u2022 Jerez de los Caballeros: \u2705\u2063<br>\u2022 Badajoz: \u2705\u2063<br>\u2022 M\u00e9rida: \u2705\u2063<\/p>\n\n\n\n<p><\/p>\n\n\n\n<p>\u2022 C\u00e1ceres: \u2705<br>\u2022 Coria: \u2705<br>\u2022 Herv\u00e1s: \u2705<br>\u2022 Almendralejo: \u2705<br>\u2022 Alburquerque: \u2705<br>\u2022 Brozas: \u2705<br>\u2022 Navalmoral de la Mata:\u2705\u2063<br>\u2022 Zafra: \u2705<br>\u2063<br>Este proyecto ha sido implementado con buenos resultados y una alta participaci\u00f3n de la juventud extreme\u00f1a, co-subvencionado por el\u00a0<a href=\"https:\/\/www.instagram.com\/ijextremadura\/\">@ijextremadura<\/a>\u00a0y la\u00a0<a href=\"https:\/\/www.instagram.com\/diputacion_caceres\/\">@diputacion_caceres<\/a>, \u00abEmbajadorxs Extreme\u00f1xs del A\u00f1o Europeo de la Juventud 2022\u00bb.\u2063<br>\u2063<br>Descubrid m\u00e1s sobre esta y diversas oportunidades\u00a0<a href=\"https:\/\/www.instagram.com\/explore\/tags\/erasmusplus\/\">#ErasmusPlus<\/a>\u00a0subvencionadas por el\u00a0<a href=\"https:\/\/www.instagram.com\/injuvespain\/\">@injuvespain<\/a>\u00a0y el\u00a0<a href=\"https:\/\/www.instagram.com\/sepie_gob\/\">@sepie_gob<\/a>\u00a0en www.holaextremundo.com y en nuestras redes sociales.\u2063<\/p>\n\n\n\n<figure class=\"wp-block-image size-full\"><img decoding=\"async\" width=\"997\" height=\"98\" src=\"https:\/\/holaextremundo.com\/wp-content\/uploads\/2023\/11\/image.png\" alt=\"\" class=\"wp-image-1369\" srcset=\"https:\/\/holaextremundo.com\/wp-content\/uploads\/2023\/11\/image.png 997w, https:\/\/holaextremundo.com\/wp-content\/uploads\/2023\/11\/image-300x29.png 300w, https:\/\/holaextremundo.com\/wp-content\/uploads\/2023\/11\/image-768x75.png 768w, https:\/\/holaextremundo.com\/wp-content\/uploads\/2023\/11\/image-18x2.png 18w, https:\/\/holaextremundo.com\/wp-content\/uploads\/2023\/11\/image-500x49.png 500w, https:\/\/holaextremundo.com\/wp-content\/uploads\/2023\/11\/image-800x79.png 800w\" sizes=\"(max-width: 997px) 100vw, 997px\" \/><\/figure>","protected":false},"excerpt":{"rendered":"<p>Asociaci\u00f3n Extremundo presenta el proyecto Embajadorxs Extreme\u00f1xs en el A\u00f1o Europeo de la Juventud 2022\u2063\u2063El presidente Joaqu\u00edn Mart\u00edn de Saavedra explicaba en la sesi\u00f3n de presentaci\u00f3n del proyecto esa identificaci\u00f3n de necesidades en la juventud extreme\u00f1a, y por qu\u00e9 la necesidad de trabajar en ciertas \u00e1reas tem\u00e1ticas con la juventud\u2063\u2063Tem\u00e1ticas como el asociacionismo, la salud&hellip;&nbsp;<a href=\"https:\/\/holaextremundo.com\/en\/embajadorxs-extremenxs-2022\/\" rel=\"bookmark\">Read More &raquo;<span class=\"screen-reader-text\">Embajadorxs Extreme\u00f1xs en el A\u00f1o Europeo de la Juventud<\/span><\/a><\/p>","protected":false},"author":3,"featured_media":1157,"parent":0,"menu_order":0,"comment_status":"closed","ping_status":"closed","template":"","meta":{"neve_meta_sidebar":"full-width","neve_meta_container":"","neve_meta_enable_content_width":"on","neve_meta_content_width":100,"neve_meta_title_alignment":"","neve_meta_author_avatar":"","neve_post_elements_order":"","neve_meta_disable_header":"","neve_meta_disable_footer":"","neve_meta_disable_title":"","_vp_format_video_url":"","_vp_image_focal_point":[],"footnotes":""},"class_list":["post-1154","page","type-page","status-publish","has-post-thumbnail","hentry"],"_links":{"self":[{"href":"https:\/\/holaextremundo.com\/en\/wp-json\/wp\/v2\/pages\/1154","targetHints":{"allow":["GET"]}}],"collection":[{"href":"https:\/\/holaextremundo.com\/en\/wp-json\/wp\/v2\/pages"}],"about":[{"href":"https:\/\/holaextremundo.com\/en\/wp-json\/wp\/v2\/types\/page"}],"author":[{"embeddable":true,"href":"https:\/\/holaextremundo.com\/en\/wp-json\/wp\/v2\/users\/3"}],"replies":[{"embeddable":true,"href":"https:\/\/holaextremundo.com\/en\/wp-json\/wp\/v2\/comments?post=1154"}],"version-history":[{"count":7,"href":"https:\/\/holaextremundo.com\/en\/wp-json\/wp\/v2\/pages\/1154\/revisions"}],"predecessor-version":[{"id":1370,"href":"https:\/\/holaextremundo.com\/en\/wp-json\/wp\/v2\/pages\/1154\/revisions\/1370"}],"wp:featuredmedia":[{"embeddable":true,"href":"https:\/\/holaextremundo.com\/en\/wp-json\/wp\/v2\/media\/1157"}],"wp:attachment":[{"href":"https:\/\/holaextremundo.com\/en\/wp-json\/wp\/v2\/media?parent=1154"}],"curies":[{"name":"wp","href":"https:\/\/api.w.org\/{rel}","templated":true}]}}

Embajadorxs Extremeñxs en el Año Europeo de la Juventud

<p>Asociación Extremundo presenta el proyecto Embajadorxs Extremeñxs en el Año Europeo de la Juventud 2022⁣<br>⁣<br>El presidente Joaquín Martín de Saavedra explicaba en la sesión de presentación del proyecto esa identificación de necesidades en la juventud extremeña, y por qué la necesidad de trabajar en ciertas áreas temáticas con la juventud⁣<br>⁣<br>Temáticas como el asociacionismo, la salud mental, la naturaleza, la igualdad de género, diálogo con la juventud, Erasmus+, inclusión, Educación No Formal, Ciudadanía Europea son las que Extremundo ha trabajado y trae a este proyecto, basado en el VII Plan de Juventud del Instituto de Juventud de Extremadura⁣</p>



<figure class="wp-block-image size-full"><img fetchpriority="high" decoding="async" width="862" height="810" src="https://holaextremundo.com/wp-content/uploads/2022/11/311932521_488121260024917_7085189593502383102_n.jpg" alt="" class="wp-image-1157" srcset="https://holaextremundo.com/wp-content/uploads/2022/11/311932521_488121260024917_7085189593502383102_n.jpg 862w, https://holaextremundo.com/wp-content/uploads/2022/11/311932521_488121260024917_7085189593502383102_n-300x282.jpg 300w, https://holaextremundo.com/wp-content/uploads/2022/11/311932521_488121260024917_7085189593502383102_n-768x722.jpg 768w, https://holaextremundo.com/wp-content/uploads/2022/11/311932521_488121260024917_7085189593502383102_n-13x12.jpg 13w, https://holaextremundo.com/wp-content/uploads/2022/11/311932521_488121260024917_7085189593502383102_n-500x470.jpg 500w, https://holaextremundo.com/wp-content/uploads/2022/11/311932521_488121260024917_7085189593502383102_n-800x752.jpg 800w" sizes="(max-width: 862px) 100vw, 862px" /></figure>



<p><br>Desde&nbsp;<a href="https://www.instagram.com/holaextremundo/">@holaextremundo</a>&nbsp;os prometimos un gran final de año para&nbsp;<a href="https://www.instagram.com/explore/tags/extremadura/">#Extremadura</a>&nbsp;y aquí os traemos las oportunidades que aún te quedan para participar en este precioso proyecto:⁣<br>⁣<br>• Jerez de los Caballeros: ✅⁣<br>• Badajoz: ✅⁣<br>• Mérida: ✅⁣</p>



<p></p>



<p>• Cáceres: ✅<br>• Coria: ✅<br>• Hervás: ✅<br>• Almendralejo: ✅<br>• Alburquerque: ✅<br>• Brozas: ✅<br>• Navalmoral de la Mata:✅⁣<br>• Zafra: ✅<br>⁣<br>Este proyecto ha sido implementado con buenos resultados y una alta participación de la juventud extremeña, co-subvencionado por el <a href="https://www.instagram.com/ijextremadura/">@ijextremadura</a> y la <a href="https://www.instagram.com/diputacion_caceres/">@diputacion_caceres</a>, «Embajadorxs Extremeñxs del Año Europeo de la Juventud 2022».⁣<br>⁣<br>Descubrid más sobre esta y diversas oportunidades <a href="https://www.instagram.com/explore/tags/erasmusplus/">#ErasmusPlus</a> subvencionadas por el <a href="https://www.instagram.com/injuvespain/">@injuvespain</a> y el <a href="https://www.instagram.com/sepie_gob/">@sepie_gob</a> en www.holaextremundo.com y en nuestras redes sociales.⁣</p>



<figure class="wp-block-image size-full"><img decoding="async" width="997" height="98" src="https://holaextremundo.com/wp-content/uploads/2023/11/image.png" alt="" class="wp-image-1369" srcset="https://holaextremundo.com/wp-content/uploads/2023/11/image.png 997w, https://holaextremundo.com/wp-content/uploads/2023/11/image-300x29.png 300w, https://holaextremundo.com/wp-content/uploads/2023/11/image-768x75.png 768w, https://holaextremundo.com/wp-content/uploads/2023/11/image-18x2.png 18w, https://holaextremundo.com/wp-content/uploads/2023/11/image-500x49.png 500w, https://holaextremundo.com/wp-content/uploads/2023/11/image-800x79.png 800w" sizes="(max-width: 997px) 100vw, 997px" /></figure>

<p>Asociación Extremundo presenta el proyecto Embajadorxs Extremeñxs en el Año Europeo de la Juventud 2022⁣⁣El presidente Joaquín Martín de Saavedra explicaba en la sesión de presentación del proyecto esa identificación de necesidades en la juventud extremeña, y por qué la necesidad de trabajar en ciertas áreas temáticas con la juventud⁣⁣Temáticas como el asociacionismo, la salud&hellip;&nbsp;<a href="https://holaextremundo.com/en/embajadorxs-extremenxs-2022/" rel="bookmark">Read More &raquo;<span class="screen-reader-text">Embajadorxs Extremeñxs en el Año Europeo de la Juventud</span></a></p>
